n 8549506 is divided by 210.
196
Calculate the remainder when 6085133 is divided by 96589.
26
What is the remainder when 134336 is divided by 4313?
633
What is the remainder when 9088899 is divided by 44336?
19
What is the remainder when 118102 is divided by 59049?
4
What is the remainder when 2037633 is divided by 81505?
8
Calculate the remainder when 619419 is divided by 6754.
4805
Calculate the remainder when 3269918 is divided by 2790.
38
What is the remainder when 57580003 is divided by 46?
9
Calculate the remainder when 46840 is divided by 3236.
1536
What is the remainder when 6132466 is divided by 46?
22
What is the remainder when 60892848 is divided by 441?
9
What is the remainder when 4218680 is divided by 114018?
14
What is the remainder when 34351309 is divided by 7?
6
Calculate the remainder when 41871 is divided by 12390.
4701
What is the remainder when 4254573 is divided by 7424?
621
What is the remainder when 12998179 is divided by 136?
115
What is the remainder when 14780709 is divided by 7390300?
109
Calculate the remainder when 195988 is divided by 5563.
1283
Calculate the remainder when 5462448 is divided by 568.
560
Calculate the remainder when 2083181 is divided by 2556.
41
What is the remainder when 208365 is divided by 2634?
279
Calculate the remainder when 3606088 is divided by 901516.
24
What is the remainder when 44516657 is divided by 8903329?
12
What is the remainder when 333227 is divided by 346?
29
Calculate the remainder when 1836601 is divided by 34.
23
What is the remainder when 656153 is divided by 131178?
263
What is the remainder when 8795813 is divided by 23?
15
What is the remainder when 6004844 is divided by 43?
23
Calculate the remainder when 60488 is divided by 1119.
62
What is the remainder when 58584 is divided by 58072?
512
What is the remainder when 68830 is divided by 99?
25
Calculate the remainder when 706892 is divided by 352715.
1462
Calculate the remainder when 4063300 is divided by 38333.
2
What is the remainder when 2655756 is divided by 416?
12
What is the remainder when 11287831 is divided by 108?
103
What is the remainder when 1670217 is divided by 966?
3
What is the remainder when 3292432 is divided by 3622?
34
What is the remainder when 20126 is divided by 6314?
1184
What is the remainder when 651904 is divided by 325929?
46
What is the remainder when 58525 is divided by 186?
121
Calculate the remainder when 377905 is divided by 29054.
203
Calculate the remainder when 58212709 is divided by 2468.
2461
What is the remainder when 3099072 is divided by 99970?
2
What is the remainder when 218913 is divided by 5024?
2881
What is the remainder when 110114 is divided by 617?
288
What is the remainder when 246590 is divided by 7699?
222
Calculate the remainder when 124096709 is divided by 1394345.
4
Calculate the remainder when 1032217 is divided by 70.
67
What is the remainder when 526604 is divided by 175531?
11
Calculate the remainder when 637936 is divided by 1656.
376
What is the remainder when 26786 is divided by 7113?
5447
What is the remainder when 6979820 is divided by 761?
689
Calculate the remainder when 839916 is divided by 20.
16
Calculate the remainder when 307974 is divided by 50238.
6546
Calculate the remainder when 763275697 is divided by 253.
250
What is the remainder when 455882 is divided by 1907?
109
Calculate the remainder when 80277589 is divided by 205.
204
What is the remainder when 1034430 is divided by 48?
30
What is the remainder when 2145788 is divided by 53635?
388
Calculate the remainder when 5159478 is divided by 1212.
1206
What is the remainder when 36252 is divided by 1140?
912
What is the remainder when 6235455 is divided by 3387?
3375
What is the remainder when 33561964 is divided by 74582?
64
What is the remainder when 743340 is divided by 413?
353
What is the remainder when 192252 is divided by 48023?
160
What is the remainder when 623323541 is divided by 4808?
4805
What is the remainder when 28611260 is divided by 418?
414
What is the remainder when 9240739 is divided by 970?
519
What is the remainder when 714904 is divided by 1872?
1672
What is the remainder when 114687 is divided by 281?
39
What is the remainder when 771238 is divided by 17?
16
What is the remainder when 746231 is divided by 746124?
107
Calculate the remainder when 144941 is divided by 2274.
1679
What is the remainder when 1642557 is divided by 40058?
179
Calculate the remainder when 530932 is divided by 629.
56
Calculate the remainder when 3297639 is divided by 21004.
11
Calculate the remainder when 20935763 is divided by 43.
9
Calculate the remainder when 3075284 is divided by 4591.
3905
What is the remainder when 4394702 is divided by 1870?
202
What is the remainder when 266238 is divided by 133110?
18
What is the remainder when 32241 is divided by 16049?
143
Calculate the remainder when 1186595 is divided by 698.
693
What is the remainder when 1775636 is divided by 887785?
66
What is the remainder when 2775705 is divided by 23?
19
Calculate the remainder when 6372373 is divided by 141607.
58
What is the remainder when 174146847 is divided by 450?
447
What is the remainder when 14064932 is divided by 7032463?
6
What is the remainder when 9930234 is divided by 292064?
58
Calculate the remainder when 514161746 is divided by 536.
530
Calculate the remainder when 178815 is divided by 1064.
63
Calculate the remainder when 165894981 is divided by 51.
39
Calculate the remainder when 150425631 is divided by 75212811.
9
What is the remainder when 6314733 is divided by 868?
33
Calculate the remainder when 8746646 is divided by 55.
51
Calculate the remainder when 1430850 is divided by 119.
113
What is the remainder when 6084 is divided by 3030?
24
What is the remainder when 13834835 is divided by 15372?
35
What is the remainder when 86459 is divided by 43201?
57
What is the remainder when 80154 is divided by 3068?
386
What is the remainder when 2156559 is divided by 47?
11
What is the remainder when 559691 is divided by 834?
77
Calculate the remainder when 876990 is divided by 2093.
23
Calculate the remainder when 7882927 is divided by 3941430.
67
What is the remainder when 139343 is divided by 147?
134
Calculate the remainder when 17501294 is divided by 169.
161
What is the remainder when 25511969 is divided by 106?
101
Calculate the remainder when 392341 is divided by 11960.
9621
What is the remainder when 1203929 is divided by 3127?
34
What is the remainder when 115895 is divided by 186?
17
What is the remainder when 21479983 is divided by 9156?
7
Calculate the remainder when 37765146 is divided by 73473.
24
Calculate the remainder when 6366915 is divided by 1065.
345
Calculate the remainder when 4133399 is divided by 265.
194
What is the remainder when 2557069 is divided by 62367?
22
Calculate the remainder when 4725 is divided by 1272.
909
What is the remainder when 1042771 is divided by 9309?
163
Calculate the remainder when 292403 is divided by 5955.
608
Calculate the remainder when 434166 is divided by 54244.
214
Calculate the remainder when 24869416 is divided by 1657961.
1
What is the remainder when 28689316 is divided by 29?
22
Calculate the remainder when 5089820 is divided by 822.
818
What is the remainder when 2810468 is divided by 1158?
2
Calculate the remainder when 2918134 is divided by 171647.
135
Calculate the remainder when 19255 is divided by 7697.
3861
What is the remainder when 89211211 is divided by 247?
245
What is the remainder when 451386 is divided by 2425?
336
Calculate the remainder when 1514783 is divided by 203.
200
What is the remainder when 2094325 is divided by 1300?
25
Calculate the remainder when 5950601 is divided by 514.
23
Calculate the remainder when 5506551 is divided by 2560.
2551
Calculate the remainder when 63573 is divided by 63563.
10
Calculate the remainder when 19569778 is divided by 1334.
1332
What is the remainder when 8211635 is divided by 392?
19
What is the remainder when 9766206 is divided by 4883085?
36
What is the remainder when 64584 is divided by 16055?
364
What is the remainder when 67149 is divided by 3008?
973
What is the remainder when 2854591 is divided by 30?
1
Calculate the remainder when 3060760 is divided by 49367.
6
What is